- (-4 - -9))).
2
Evaluate 12 - (5 + -5 + 5).
7
What is the value of -4 + 2 - 9 - (-4 + -2)?
-5
Evaluate (-2 - 11 - -12) + -6.
-7
Evaluate -6 - (1 - 4 - (2 + -2)).
-3
(-8 - -8 - (3 + -1)) + 1
-1
What is 26 + -13 - (-5 + 10)?
8
Evaluate -2 - (4 + -11) - 3.
2
0 - (2 + (2 - (0 + 1)))
-3
(22 - 25) + 4 + -1
0
What is -7 + 4 + 1 + 2?
0
2 + (-2 - 0 - -1) + 1
2
What is the value of 0 - 4 - (-11 - -11 - 0)?
-4
What is -4 + (6 - 4) + -1?
-3
(-1 + -3 - 1) + 0 + 5
0
Evaluate 4 + -2 - (-2 - -8).
-4
Calculate -3 + -4 - (0 - 7).
0
What is the value of 4 + -13 + (12 + -6 - 3)?
-6
Evaluate -6 - (-4 + (2 - 0)) - 1.
-5
(-1 - 14 - -9) + 5
-1
Calculate 9 + -13 - (-2 + -5).
3
Calculate 6 + -7 + (2 - 0).
1
21 + -13 - (1 - -9)
-2
85 + -83 - (0 + 0 - -1)
1
Calculate (2 + -3 - 12) + 5.
-8
What is 1 - -1 - (14 - (19 + -10))?
-3
Evaluate -7 - (1 + -8 - (7 + -6)).
1
(13 - 5) + 8 - 9
7
Evaluate 16 + -6 + (-1 - 6).
3
-6 - (-3 + -2 + -3 + 3)
-1
What is the value of 0 - 3 - (4 - 8) - 1?
0
1 + -4 + 4 + -1 - -2
2
What is -3 + 4 + 7 + -6?
2
What is the value of 8 - (9 - 2 - 1)?
2
What is -1 + (-2 - (-3 - -1)) + 2?
1
Evaluate (0 - -4) + (2 - (3 + -2)).
5
Evaluate -2 + 11 + -2 + -2 - 2.
3
What is 0 + -2 - (73 - 75)?
0
Evaluate -2 + 2 - (-10 - -2 - -7).
1
What is the value of ((2 - 2) + 0 - 1) + 1?
0
Evaluate -1 + 3 + -4 + 0 + 6.
4
Evaluate (-2 - (-5 - -1 - 0)) + -4.
-2
3 + (2 - 3 - 1) + 0
1
Calculate (3 - -2) + (-3 - 9).
-7
Calculate -17 + 17 - (-5 - -1).
4
What is 1 + 2 - (7 - 5 - 1)?
2
What is -2 + -1 + -18 + 20 + 0?
-1
What is the value of 8 + -2 + 4 + (-13 - -8)?
5
(-2 - 8) + 43 + -26
7
What is (1 - 1) + -4 + 4?
0
Evaluate -1 + 5 - (-6 + (4 - -3)).
3
Calculate 2 - 4 - (2 + -5 + -2).
3
4 + -4 - (8 + -3)
-5
What is the value of 2 - (6 - 4) - 4?
-4
Calculate (2 + 1 - 2) + -4 + 2.
-1
What is (6 - 7) + 8 - 12?
-5
Calculate (19 - 24) + (6 - 0) + 2.
3
What is (85 - 78) + (2 - 4 - 5)?
0
Calculate 1 + (3 - 2) - (9 - 7).
0
0 - (-3 + 4 - 1)
0
What is the value of 3 + (-2 - (-1 + 3)) + 2?
1
(0 - -7) + (-8 - (-11 - -8))
2
Evaluate -6 - (3 + -4 + -4).
-1
Calculate -4 - -2 - (-5 - -1).
2
What is the value of -4 + (4 - (11 - 8))?
-3
What is the value of -4 - (7 - 4 - 3)?
-4
What is the value of 9 - (-5 + -3 + 10)?
7
Calculate 7 - 0 - (12 + -7).
2
What is the value of -7 + 10 + 4 + -12?
-5
Calculate (4 + -17 - -14) + (1 - 12).
-10
What is (-3 - (-2 - (1 + 0))) + -3?
-3
4 - (1 - 0 - 0)
3
-1 + -5 + 16 + -4
6
Evaluate -11 - (-15 - -12) - (2 + -2).
-8
What is the value of -2 - (-14 - (-3 - 5) - -6)?
-2
What is -1 - (-4 + (0 - 2))?
5
Calculate -5 - (2 - (-9 - -11)).
-5
Evaluate 2 + (-2 - 0) + -2 + 1.
-1
Calculate -6 - (-6 + (7 - 6) + -8).
7
What is -1 - (-2 + -3 + 1)?
3
-1 + (-3 - -2) + (-25 - -25)
-2
What is the value of 4 + 2 + -4 + (4 - 6)?
0
Evaluate 5 + (-1 - (7 - 7)).
4
What is 34 - 28 - (6 + (2 - 2))?
0
What is the value of 2 + -2 + 3 + 2?
5
Evaluate (2 - -2 - 4) + 3.
3
What is the value of 1 - 0 - 0 - (-35 - -31)?
5
Calculate -3 + 18 + 4 - 15.
4
Evaluate -3 - (-4 + -5 - (-2 - 1)).
3
What is the value of 5 + 2 + -11 - (8 + -12)?
0
Evaluate -4 + (-9 - -10) + (6 - 2).
1
Calculate -2 - ((6 - 17) + 6 + 1).
2
Evaluate 4 + (3 + -8 - -1).
0
-8 + 9 - (-3 + -3 - -2)
5
7 - (14 + -1 + -5)
-1
Evaluate 5 + (0 - (1 - -2)) + 1.
3
What is the value of (-3 - (-11 - 1)) + -11 - -3?
1
What is -1 + 5 + 2 + 0 + 5?
11
What is 59 - 62 - (-1 - -3)?
-5
(4 - 3) + 9 + -11
-1
What is 11 + (-9 - -1) + 5?
8
Calculate -7 - -1 - (-7 - -10 - 10).
1
Evaluate -2 + (-9 + 11 - 3).
-3
What is (12 - 15) + (0 - -1)?
-2
What is the value of -5 - (0 - 0) - (-10 - -1)?
4
What is the value of -2 - (1 + 9 - 5)?
-7
Calculate 5 + (-10 + 8 - 3).
0
Evaluate -2 + (-2 - -3) + (-1 - -4).
2
Evaluate 13 + (-2 - (-10 - -20)).
1
Evaluate 4 - (2 + 5) - (2 + -3).
-2
Calculate -8 + 19 - 6 - 5.
0
What is the value of (5 - 0) + (2 - 6) - -4?
5
Evaluate (0 + 4 - 2) + (2 - 5).
-1
What is 0 - 0 - (1 + (2 - 5))?
2
Evaluate 1 - (-2 + (3 - 4)).
4
What is the value of 6 - (-5 + 6 + 4)?
1
Evaluate 9 + -14 - (0 - 4).
-1
What is -16 + 10 + (4 - 1)?
-3
-11 - (1 + (-3 - 7))
-2
What is 17 + -21 + (-2 - 0)?
-6
Evaluate -8 + (5 - 2) - (-5 - -1).
-1
Calculate (0 - 3) + 3 + 2 + -7.
-5
Evaluate (4 - 1) + (-21 - -15).
-3
Calculate (0 - 3) + 4 + -11 + 5.
-5
What is the value of 0 - 0 - (4 + -8 + 5)?
-1
Evaluate (29 - 27) + (0 - 2).
0
Evaluate 1 + -2 - (4 - 0 - 1).
-4
Evaluate 3 - (1 + 4) - -4.
2
What is the value of -6 + 4 + (-1 - -1)?
-2
Calculate 0 - 5 - (-8 - -5 - -1).
-3
What is (-2 - (-12 + 5)) + -1 - 8?
-4
Calculate (7 + -2 - 6) + (1 - -1).
1
Evaluate -2 - (3 - 1) - (-3 - -3).
-4
Evaluate 0 - (0 + (-7 - 3)).
10
2 + 0 + -1 + (-3 - -1)
-1
What is 9 + (-33 + 10 - -9)?
-5
What is the value of -17 - -15 - (-10 - -1)?
7
7 + -2 + -1 - (33 + -34)
5
What is -7 - ((-12 - -17) + -7)?
-5
5 + -2 + -2 - -3
4
What is the value of -1 + 1 + 3 - (-1 + -1)?
5
Evaluate 4 - (1 + 6 - (2 - 1)).
-2
Calculate -8 + 21 + -7 - 8.
-2
Calculate (2 - 1) + (7 - (-7 - -8)).
7
What is -4 + (-1 - (4 - 5))?
-4
What is -7 - (9 + 7 + -21)?
-2
What is (-2 - -6) + -2 + (-6 - -2)?
-2
What is the value of (-17 - -23) + -3 + 4 + 1?
8
Evaluate -10 - (3 - (6 - (6 - 6))).
-7
-3 + -1 + 7 + -10 + 2
-5
Evaluate 3 - 8 - (0 + -7).
2
What is the value of -8 + 21 - (5 + 1) - 13?
-6
Calculate -1 + (5 - 7) + 8.
5
What is 3 + (1 + 4 + -8 - 2)?
-2
5 + -3 + 1 + -6
-3
Calculate 2 - (7 - (1 + (7 - 2))).
1
Calculate 35 + -44 - (-4 + -3 + 5).
-7
Calculate -8 - (-1 + -9 + (-1 - -7)).
-4
What is the value of -3 + (3 + -4 - -3)?
-1
Evaluate 10 + (-7 - (-11 + 20)).
-6
7 - (-2 + 7 + -1) - -2
5
What is -2 - -3 - (-4 - (1 - 9))?
-3
What is the value of -1 - (-2 + -1 + 2)?
0
Evaluate -2 + 10 - (-27 + 27).
8
Calculate -10 - -2 - (5 + (-13 - -3)).
-3
Calculate -4 - (3 + -7 - 0 - 1).
1
What is 10 + -5 + -4 - -5?
6
Evaluate (4 + -1 - 3) + (-20 - -19).
-1
What is 5 - (-1 - -2) - (0 - -4)?
0
What is the value of 2 - (-9 - (4 + (-12 - -4)))?
7
Calculate 3 - (1 + (-1 - -2)).
1
What is 4 + (-1 - 4) + -4?
-5
What is the value of (-4 - -1) + 9 + (-1 - 0)?
5
What is (4 - 3) + 1 + -2 + -7?
-7
Calculate -15 + 26 - (1 + 9).
1
What is -130 + 118 + (-1 - -11)?
-2
What is the value of 4 - 3 - ((1 - -5) + -10)?
5
Evaluate 0 + 2 + -2 - -2.
2
What is 20 - 23 - (1 + (-4 - -2))?
-2
What is the value of 0 - (-1 + 9) - (-53 + 49)?
-4
-7 + -4 + 8 - (3 + -3)
-3
Evaluate (1 - 1) + 0 - (17 - 13).
-4
18 + -22 - (-4 - (4 + -1))
3
10 + -16 - (-2 - (1 - 0))
-3
What is 3 - (1 - 1 - 0)?
3
What is the value of 2 - (-4 + 8 - 4)?
2
What is (5 - 5) + (-1 - -5) + -8?
-4
Calculate (-3 - 1 - -5) + -2 + 2.
1
What is the value of 1 + 11 + (-23 - -3)?
-8
Calculate 1 - (-1 - 0) - (-9 + 12).
-1
What is -7 - (5 - 7) - -9?
4
What is 8 + (-16 - -2) - -5?
-1
What is 44 + -56 - (-7 - 0)?
-5
7 + 3 + -9 + 0
1
What is the value of 0 + -3 + 1 + 8 - 1?
5
What is 21 + -16 - (2 + 10)?
-7
(3 - (0 - 0)) + -2
1
Calculate (2 - 2) + 0 + 33 + -43.
-10
Evaluate (-2 - 3 - -1) + 9.
5
11 - (7 + 8 + -8)
4
What is 9 - (10 + -8 + 3)?
4
What is -8 + 11 - (-4 - -3 - -7)?
-3
Evaluate 8 + 0 + -4 - 3.
1
Calculate 4 + -2 - -4 - (-130 - -142).
-6
Evaluate -14 - -18 - (-1 + 6).
-1
-13 + 13 + 3 + 0 + 0
3
Evaluate 0 - 5 - (3 + -9 + 1).
0
(-7 - -11) + (1 - (-1 - -1))
5
What is the value of (4 - -1 - (-15 + 13)) + -2?
5
What is 5 + (6 - (-2 - (-1 - 5)))?
7
What is the value of 13 - (20 - 1) - (0 - 1)?
-5
What is the value of 2 + (-6 - 0 - -10)?
6
Evaluate -7 + -3 - -7 - -6.
3
What is the value of -5 - (-3 + -4 + 3)?
-1
(-6 - -2) + 0 - -7
3
(7 - -1) + (-6 - -5 - 5)
2
Evaluate -3 + (2 - -4) + 4 - 4.
3
Evaluate -10 - (-6 + 14 + -15).
-3
Calculate 4 + 1 - (5 + (-3 - -8)).
-5
Evaluate 2 + -4 - (-3 - 0).
1
Calculate -6 + (1 - -6) + -4.
-3
Calculate (0 - -8) + 7 + -8 - 2.
5
-5 - (7 + -4 - 3)
-5
Calculate -4 - (0 + (5 - 9)).
0
What is -3 + (0 + -1 - -1 - -3)?
0
(-3 - (5 + -2 + -2)) + -1
-5
Evaluate -11 + -3 + 5 - (-4 - 0).
-5
What is 6 + -1 + 8 + -5?
8
Calculate -4 - (4 + (-7 - -2) + 2).
-5
(15 + (-1 - 6) - 0) + -4
4
What is 2 - (1 + 7 - 2)?
-4
Evaluate -6 - (2 + (-3 - (-7 - -5))).
-7
(-3 - 1) + (3 - 1) + 7
5
1 + -5 - (18 - 20) - 6
-8
Evaluate 4 - (2 + (1 - 0)) - 4.
-3
What is the value of 9 - (1 + 8 + 2)?
-2
Calculate 6 + -7 + -2 - -1.
-2
What is 5 - (-26 + 29 + (4 - 0))?
-2
What is the value of 1 - (-1 + 2) - (39 - 43